 (base 13) to base 9.
-48
Convert 98 (base 11) to base 2.
1101011
-2 (base 14) to base 5
-2
Convert 123 (base 12) to base 9.
210
Convert 23 (base 7) to base 2.
10001
What is 120 (base 7) in base 10?
63
What is 2201 (base 4) in base 14?
b7
Convert -2 (base 7) to base 12.
-2
What is 1310 (base 5) in base 9?
247
Convert 40 (base 6) to base 3.
220
What is -4 (base 11) in base 7?
-4
Convert 3 (base 11) to base 13.
3
What is -3 (base 14) in base 2?
-11
-2 (base 6) to base 4
-2
-3 (base 9) to base 8
-3
Convert -1 (base 6) to base 8.
-1
230 (base 4) to base 15
2e
Convert -14 (base 7) to base 4.
-23
What is 3 (base 4) in base 6?
3
Convert 39 (base 10) to base 8.
47
Convert -15 (base 12) to base 16.
-11
-38 (base 13) to base 3
-1202
-2 (base 12) to base 9
-2
What is -220 (base 4) in base 3?
-1111
Convert -222 (base 6) to base 4.
-1112
Convert -45 (base 13) to base 15.
-3c
-2 (base 5) to base 11
-2
What is 1333 (base 4) in base 2?
1111111
-110 (base 2) to base 14
-6
Convert -10 (base 4) to base 11.
-4
What is 45 (base 7) in base 6?
53
112 (base 3) to base 4
32
-22 (base 4) to base 12
-a
8 (base 11) to base 3
22
What is -2 (base 10) in base 7?
-2
What is c (base 15) in base 3?
110
What is -1 (base 4) in base 2?
-1
What is -2 (base 9) in base 15?
-2
What is -8d (base 14) in base 12?
-a5
34 (base 14) to base 16
2e
-424 (base 5) to base 11
-a4
Convert 10 (base 2) to base 15.
2
2 (base 11) to base 15
2
-24 (base 5) to base 13
-11
-6 (base 16) to base 2
-110
Convert 1010 (base 3) to base 5.
110
Convert 1021 (base 4) to base 7.
133
Convert -6 (base 7) to base 6.
-10
Convert -2 (base 13) to base 5.
-2
What is -8 (base 14) in base 10?
-8
What is -147 (base 10) in base 16?
-93
Convert 11 (base 14) to base 15.
10
28 (base 15) to base 8
46
Convert 6 (base 15) to base 9.
6
Convert 5 (base 6) to base 13.
5
Convert 5 (base 16) to base 14.
5
Convert -2 (base 7) to base 14.
-2
What is -23 (base 5) in base 13?
-10
What is 2 (base 6) in base 3?
2
What is -1 (base 13) in base 11?
-1
What is 2 (base 4) in base 10?
2
-2 (base 11) to base 13
-2
What is -13 (base 10) in base 2?
-1101
What is -26 (base 15) in base 7?
-51
Convert 23 (base 9) to base 5.
41
What is -5 (base 8) in base 3?
-12
-4 (base 12) to base 3
-11
Convert -3 (base 4) to base 13.
-3
2 (base 3) to base 6
2
What is -4 (base 5) in base 14?
-4
-3 (base 8) to base 16
-3
-80 (base 13) to base 12
-88
-3 (base 4) to base 8
-3
-10 (base 4) to base 10
-4
Convert 10 (base 8) to base 4.
20
Convert -b6 (base 12) to base 5.
-1023
Convert -2 (base 6) to base 2.
-10
What is 112 (base 4) in base 7?
31
Convert -26 (base 8) to base 16.
-16
Convert -22 (base 5) to base 13.
-c
Convert 2101 (base 3) to base 12.
54
Convert -3 (base 14) to base 10.
-3
What is 2 (base 10) in base 16?
2
What is -11 (base 2) in base 14?
-3
7 (base 12) to base 11
7
What is -6 (base 7) in base 11?
-6
Convert -201 (base 3) to base 13.
-16
Convert -312 (base 6) to base 2.
-1110100
What is -35 (base 15) in base 4?
-302
What is -14 (base 13) in base 14?
-13
What is 46 (base 14) in base 12?
52
-42 (base 7) to base 8
-36
What is 11110 (base 2) in base 4?
132
Convert 3 (base 16) to base 2.
11
-10 (base 2) to base 11
-2
3 (base 4) to base 14
3
Convert -170 (base 12) to base 16.
-e4
What is -10 (base 3) in base 8?
-3
Convert -4 (base 12) to base 14.
-4
-204 (base 5) to base 6
-130
15 (base 11) to base 9
17
0 (base 9) to base 5
0
6 (base 9) to base 3
20
What is -1 (base 11) in base 16?
-1
What is 2 (base 10) in base 12?
2
What is -7 (base 8) in base 14?
-7
Convert 6 (base 15) to base 10.
6
Convert 2 (base 4) to base 5.
2
Convert -311 (base 4) to base 8.
-65
2 (base 12) to base 2
10
Convert -31 (base 9) to base 2.
-11100
Convert -1011 (base 3) to base 4.
-133
Convert 4 (base 8) to base 16.
4
What is -3 (base 13) in base 11?
-3
7 (base 9) to base 10
7
Convert 0 (base 4) to base 15.
0
What is -3 (base 12) in base 2?
-11
Convert -11 (base 4) to base 14.
-5
-6 (base 15) to base 16
-6
What is -2 (base 9) in base 15?
-2
Convert 5 (base 7) to base 15.
5
What is 102 (base 3) in base 9?
12
What is -1 (base 4) in base 5?
-1
What is -3f (base 16) in base 9?
-70
23 (base 5) to base 2
1101
Convert 1 (base 15) to base 11.
1
What is -19 (base 14) in base 4?
-113
8d (base 16) to base 10
141
-58 (base 13) to base 4
-1021
What is 88 (base 9) in base 7?
143
1 (base 8) to base 12
1
What is 3c (base 13) in base 15?
36
208 (base 9) to base 12
122
11010 (base 2) to base 3
222
Convert 11b (base 16) to base 12.
1b7
3 (base 12) to base 7
3
Convert 1 (base 4) to base 9.
1
Convert -1 (base 16) to base 5.
-1
What is 10011 (base 2) in base 8?
23
What is 1110 (base 2) in base 16?
e
1 (base 16) to base 8
1
What is -5d (base 14) in base 9?
-102
-8 (base 16) to base 14
-8
11 (base 7) to base 11
8
-3 (base 16) to base 3
-10
Convert -66 (base 12) to base 5.
-303
Convert -7 (base 13) to base 14.
-7
What is 3 (base 13) in base 12?
3
Convert 4 (base 14) to base 11.
4
Convert -a (base 13) to base 3.
-101
5 (base 7) to base 5
10
10 (base 2) to base 12
2
What is -1 (base 2) in base 10?
-1
What is -10 (base 4) in base 13?
-4
Convert 1 (base 11) to base 15.
1
111 (base 4) to base 12
19
Convert 1102 (base 3) to base 13.
2c
What is -54 (base 6) in base 4?
-202
What is -64 (base 12) in base 16?
-4c
Convert -1 (base 3) to base 2.
-1
Convert -302 (base 4) to base 13.
-3b
Convert 2 (base 12) to base 11.
2
-2 (base 13) to base 9
-2
23 (base 4) to base 14
b
What is 2020 (base 3) in base 13?
48
Convert 24 (base 16) to base 13.
2a
What is -2 (base 9) in base 6?
-2
-5 (base 12) to base 15
-5
What is -2 (base 5) in base 6?
-2
-60 (base 12) to base 6
-200
-2 (base 11) to base 14
-2
-1211 (base 3) to base 8
-61
-18 (base 11) to base 10
-19
What is -5 (base 11) in base 12?
-5
What is -3 (base 4) in base 9?
-3
Convert 14 (base 10) to base 8.
16
2c (base 13) to base 10
38
What is 125 (base 7) in base 10?
68
What is 101 (base 2) in base 10?
5
What is 3 (base 5) in base 6?
3
-14 (base 5) to base 16
-9
a4 (base 12) to base 9
147
What is 11101 (base 2) in base 14?
21
What is 14 (base 6) in base 14?
a
Convert 11 (base 9) to base 7.
13
38 (base 9) to base 6
55
What is 4 (base 15) in base 5?
4
What is 17 (base 8) in base 4?
33
-69 (base 11) to base 7
-135
Convert -6 (base 9) to base 6.
-10
What is -10 (base 3) in base 10?
-3
What is -1110001 (base 2) in base 4?
-1301
What is -1110 (base 2) in base 7?
-20
Convert 55 (base 12) to base 10.
65
e (base 16) to base 11
13
What is 110 (base 8) in base 5?
242
Convert 101 (base 2) to base 5.
10
Convert -112 (base 7) to base 5.
-213
-42 (base 10) to base 11
-39
Convert -3 (base 15) to base 16.
-3
4 (base 6) to base 4
10
What is 7 (base 8) in base 4?
13
Convert -308 (base 9) to base 6.
-1055
Convert -3 (base 8) to base 2.
-11
What is -12 (base 14) in base 10?
-16
What is -52 (base 6) in base 4?
-200
Convert -200 (base 5) to base 6.
-122
Convert -63 (base 12) to base 4.
-1023
2 (base 8) to base 15
2
What is 2233 (base 4) in base 13?
106
1 (base 2) to base 5
1
3c (base 13) to base 3
1220
Convert 8 (base 15) to base 9.
8
Convert -3 (base 13) to base 14.
-3
Convert -a (base 13) to base 4.
-22
33 (base 8) to base 11
25
What is 1111 (base 2) in base 13?
12
Convert 11 (base 2) to base 4.
3
-21 (base 10) to base 13
-18
What is -4 (base 8) in base 14?
-4
Convert -1 (base 3) to base 15.
-1
Convert -157 (base 9) to base 11.
-111
What is -3 (base 12) in base 7?
-3
What is 6 (base 9) in base 4?
12
Convert -3 (base 4) to base 13.
-3
11 (base 3) to base 14
4
What is -31 (base 8) in base 4?
-121
What is -3221 (base 4) in base 10?
-233
2 (base 10) to base 11
2
101 (base 8) to base 9
72
Convert 116 (base 8) to base 11.
71
-11 (base 2) to base 13
-3
-7 (base 16) to base 12
-7
What is 37 (base 14) in base 8?
61
What is 20210 (base 3) in base 14?
d1
Convert -1 (base 10) to base 6.
-1
1 (base 11) to base 2
1
Convert -13 (base 9) to base 16.
-c
Convert 8d (base 14) to base 16.
7d
What is -4 (base 14) in base 9?
-4
-1 (base 11) to base 4
-1
-152 (base 12) to base 6
-542
-111 (base 5) to base 14
-23
What is -100010 (base 2) in base 15?
-24
What is 0 (base 14) in base 12?
0
Convert 40 (base 14) to base 5.
211
Convert 4 (base 16) to base 6.
4
0 (base 6) to base 5
0
-32 (base 10) to base 7
-44
-11 (base 7) to base 11
-